{"id":25,"date":"2019-12-03T17:19:16","date_gmt":"2019-12-03T17:19:16","guid":{"rendered":"http:\/\/urdialesycamposmelus.com\/?page_id=25"},"modified":"2019-12-12T08:22:48","modified_gmt":"2019-12-12T08:22:48","slug":"contacto-abogados","status":"publish","type":"page","link":"http:\/\/urdialesycamposmelus.com\/en\/contacto-abogados","title":{"rendered":"Contacto Abogados"},"content":{"rendered":"<div class=\"services-wrapper services-fullbox cols-wrapper cols-2 services-vertical-text\" style=\"background-color:#342f4b08;color:#000000;\"><div class=\"services-box col services-no-image\"><div class=\"services-content\"><div class=\"sc-wraper\"><h3>Form<\/h3><p>\n<div class=\"wpcf7 no-js\" id=\"wpcf7-f104-o1\" lang=\"es-ES\" dir=\"ltr\">\n<div class=\"screen-reader-response\"><p role=\"status\" aria-live=\"polite\" aria-atomic=\"true\"><\/p> <ul><\/ul><\/div>\n<form action=\"\/en\/wp-json\/wp\/v2\/pages\/25#wpcf7-f104-o1\" method=\"post\" class=\"wpcf7-form init\" aria-label=\"Formulario de contacto\" novalidate=\"novalidate\" data-status=\"init\" data-trp-original-action=\"\/en\/wp-json\/wp\/v2\/pages\/25#wpcf7-f104-o1\">\n<div style=\"display: none;\">\n<input type=\"hidden\" name=\"_wpcf7\" value=\"104\" \/>\n<input type=\"hidden\" name=\"_wpcf7_version\" value=\"5.7.4\" \/>\n<input type=\"hidden\" name=\"_wpcf7_locale\" value=\"es_ES\" \/>\n<input type=\"hidden\" name=\"_wpcf7_unit_tag\" value=\"wpcf7-f104-o1\" \/>\n<input type=\"hidden\" name=\"_wpcf7_container_post\" value=\"0\" \/>\n<input type=\"hidden\" name=\"_wpcf7_posted_data_hash\" value=\"\" \/>\n<input type=\"hidden\" name=\"_wpcf7_recaptcha_response\" value=\"\" \/>\n<\/div>\n<p><label> Name<br \/>\n<span class=\"wpcf7-form-control-wrap\" data-name=\"your-name\"><input size=\"40\" class=\"wpcf7-form-control wpcf7-text wpcf7-validates-as-required\" aria-required=\"true\" aria-invalid=\"false\" value=\"\" type=\"text\" name=\"your-name\" \/><\/span> <\/label>\n<\/p>\n<p><label> eMail<br \/>\n<span class=\"wpcf7-form-control-wrap\" data-name=\"your-email\"><input size=\"40\" class=\"wpcf7-form-control wpcf7-text wpcf7-email wpcf7-validates-as-required wpcf7-validates-as-email\" aria-required=\"true\" aria-invalid=\"false\" value=\"\" type=\"email\" name=\"your-email\" \/><\/span> <\/label>\n<\/p>\n<p><label> Subject<br \/>\n<span class=\"wpcf7-form-control-wrap\" data-name=\"your-subject\"><input size=\"40\" class=\"wpcf7-form-control wpcf7-text\" aria-invalid=\"false\" value=\"\" type=\"text\" name=\"your-subject\" \/><\/span> <\/label>\n<\/p>\n<p><label> Message<br \/>\n<span class=\"wpcf7-form-control-wrap\" data-name=\"your-message\"><textarea cols=\"40\" rows=\"10\" class=\"wpcf7-form-control wpcf7-textarea\" aria-invalid=\"false\" name=\"your-message\"><\/textarea><\/span> <\/label>\n<\/p>\n<p><span class=\"wpcf7-form-control-wrap\" data-name=\"acceptance-524\"><span class=\"wpcf7-form-control wpcf7-acceptance\"><span class=\"wpcf7-list-item\"><label><input type=\"checkbox\" name=\"acceptance-524\" value=\"1\" aria-invalid=\"false\" \/><span class=\"wpcf7-list-item-label\">In accordance with the provisions of article 5 of Organic Law 15\/1999 of December 13, Protection of Personal Data, We inform you that the personal data contained in this document will not be incorporated into an online file or physical for later use. It will only be used to answer your request.<\/span><\/label><\/span><\/span><\/span>\n<\/p>\n<p><input class=\"wpcf7-form-control has-spinner wpcf7-submit\" type=\"submit\" value=\"Send\" \/>\n<\/p><div class=\"wpcf7-response-output\" aria-hidden=\"true\"><\/div>\n<input type=\"hidden\" name=\"trp-form-language\" value=\"en\"\/><\/form>\n<\/div>\n<\/p><\/div><\/div><\/div><div class=\"services-box col nomargin services-no-content\"><div class=\"img-container\"><img src=\"http:\/\/urdialesycamposmelus.com\/wp-content\/uploads\/2019\/12\/Contacto-Foto-Abogados-scaled.jpg\" alt=\"\"\/><\/div><div class=\"services-content\"><div class=\"sc-wraper\"><\/div><\/div><\/div><div class=\"clear\"><\/div><\/div>","protected":false},"excerpt":{"rendered":"","protected":false},"author":1,"featured_media":0,"parent":0,"menu_order":0,"comment_status":"closed","ping_status":"closed","template":"template-full-custom.php","meta":[],"yoast_head":"<!-- This site is optimized with the Yoast SEO plugin v20.1 - https:\/\/yoast.com\/wordpress\/plugins\/seo\/ -->\n<title>Contacto Abogados - Urdiales &amp; Campos Mel\u00fas Abogados<\/title>\n<meta name=\"description\" content=\"Contacto Abogados, Jos\u00e9 Luis Campos Mel\u00fas y Ricardo Urdiales G\u00e1lvez. M\u00e1laga (Costa del Sol), Madrid. Email y tel\u00e9fonos de contacto. Oficinas.\" \/>\n<meta name=\"robots\" content=\"index, follow, max-snippet:-1, max-image-preview:large, max-video-preview:-1\" \/>\n<link rel=\"canonical\" href=\"http:\/\/urdialesycamposmelus.com\/en\/contacto-abogados\/\" \/>\n<meta property=\"og:locale\" content=\"en_GB\" \/>\n<meta property=\"og:type\" content=\"article\" \/>\n<meta property=\"og:title\" content=\"Contacto Abogados - Urdiales &amp; Campos Mel\u00fas Abogados\" \/>\n<meta property=\"og:description\" content=\"Contacto Abogados, Jos\u00e9 Luis Campos Mel\u00fas y Ricardo Urdiales G\u00e1lvez. M\u00e1laga (Costa del Sol), Madrid. Email y tel\u00e9fonos de contacto. Oficinas.\" \/>\n<meta property=\"og:url\" content=\"http:\/\/urdialesycamposmelus.com\/en\/contacto-abogados\/\" \/>\n<meta property=\"og:site_name\" content=\"Urdiales &amp; Campos Mel\u00fas Abogados\" \/>\n<meta property=\"article:modified_time\" content=\"2019-12-12T08:22:48+00:00\" \/>\n<meta name=\"twitter:card\" content=\"summary_large_image\" \/>\n<script type=\"application\/ld+json\" class=\"yoast-schema-graph\">{\"@context\":\"https:\/\/schema.org\",\"@graph\":[{\"@type\":\"WebPage\",\"@id\":\"http:\/\/urdialesycamposmelus.com\/contacto-abogados\",\"url\":\"http:\/\/urdialesycamposmelus.com\/contacto-abogados\",\"name\":\"Contacto Abogados - Urdiales &amp; Campos Mel\u00fas Abogados\",\"isPartOf\":{\"@id\":\"http:\/\/urdialesycamposmelus.com\/#website\"},\"datePublished\":\"2019-12-03T17:19:16+00:00\",\"dateModified\":\"2019-12-12T08:22:48+00:00\",\"description\":\"Contacto Abogados, Jos\u00e9 Luis Campos Mel\u00fas y Ricardo Urdiales G\u00e1lvez. M\u00e1laga (Costa del Sol), Madrid. Email y tel\u00e9fonos de contacto. Oficinas.\",\"breadcrumb\":{\"@id\":\"http:\/\/urdialesycamposmelus.com\/contacto-abogados#breadcrumb\"},\"inLanguage\":\"en-GB\",\"potentialAction\":[{\"@type\":\"ReadAction\",\"target\":[\"http:\/\/urdialesycamposmelus.com\/contacto-abogados\"]}]},{\"@type\":\"BreadcrumbList\",\"@id\":\"http:\/\/urdialesycamposmelus.com\/contacto-abogados#breadcrumb\",\"itemListElement\":[{\"@type\":\"ListItem\",\"position\":1,\"name\":\"Portada\",\"item\":\"http:\/\/urdialesycamposmelus.com\/\"},{\"@type\":\"ListItem\",\"position\":2,\"name\":\"Contacto Abogados\"}]},{\"@type\":\"WebSite\",\"@id\":\"http:\/\/urdialesycamposmelus.com\/#website\",\"url\":\"http:\/\/urdialesycamposmelus.com\/\",\"name\":\"Urdiales &amp; Campos Mel\u00fas Abogados\",\"description\":\"\",\"potentialAction\":[{\"@type\":\"SearchAction\",\"target\":{\"@type\":\"EntryPoint\",\"urlTemplate\":\"http:\/\/urdialesycamposmelus.com\/?s={search_term_string}\"},\"query-input\":\"required name=search_term_string\"}],\"inLanguage\":\"en-GB\"}]}<\/script>\n<!-- \/ Yoast SEO plugin. -->","yoast_head_json":{"title":"Contacto Abogados - Urdiales &amp; Campos Mel\u00fas Abogados","description":"Contacto Abogados, Jos\u00e9 Luis Campos Mel\u00fas y Ricardo Urdiales G\u00e1lvez. M\u00e1laga (Costa del Sol), Madrid. Email y tel\u00e9fonos de contacto. Oficinas.","robots":{"index":"index","follow":"follow","max-snippet":"max-snippet:-1","max-image-preview":"max-image-preview:large","max-video-preview":"max-video-preview:-1"},"canonical":"http:\/\/urdialesycamposmelus.com\/en\/contacto-abogados\/","og_locale":"en_GB","og_type":"article","og_title":"Contacto Abogados - Urdiales &amp; Campos Mel\u00fas Abogados","og_description":"Contacto Abogados, Jos\u00e9 Luis Campos Mel\u00fas y Ricardo Urdiales G\u00e1lvez. M\u00e1laga (Costa del Sol), Madrid. Email y tel\u00e9fonos de contacto. Oficinas.","og_url":"http:\/\/urdialesycamposmelus.com\/en\/contacto-abogados\/","og_site_name":"Urdiales &amp; Campos Mel\u00fas Abogados","article_modified_time":"2019-12-12T08:22:48+00:00","twitter_card":"summary_large_image","schema":{"@context":"https:\/\/schema.org","@graph":[{"@type":"WebPage","@id":"http:\/\/urdialesycamposmelus.com\/contacto-abogados","url":"http:\/\/urdialesycamposmelus.com\/contacto-abogados","name":"Contacto Abogados - Urdiales &amp; Campos Mel\u00fas Abogados","isPartOf":{"@id":"http:\/\/urdialesycamposmelus.com\/#website"},"datePublished":"2019-12-03T17:19:16+00:00","dateModified":"2019-12-12T08:22:48+00:00","description":"Contacto Abogados, Jos\u00e9 Luis Campos Mel\u00fas y Ricardo Urdiales G\u00e1lvez. M\u00e1laga (Costa del Sol), Madrid. Email y tel\u00e9fonos de contacto. Oficinas.","breadcrumb":{"@id":"http:\/\/urdialesycamposmelus.com\/contacto-abogados#breadcrumb"},"inLanguage":"en-GB","potentialAction":[{"@type":"ReadAction","target":["http:\/\/urdialesycamposmelus.com\/contacto-abogados"]}]},{"@type":"BreadcrumbList","@id":"http:\/\/urdialesycamposmelus.com\/contacto-abogados#breadcrumb","itemListElement":[{"@type":"ListItem","position":1,"name":"Portada","item":"http:\/\/urdialesycamposmelus.com\/"},{"@type":"ListItem","position":2,"name":"Contacto Abogados"}]},{"@type":"WebSite","@id":"http:\/\/urdialesycamposmelus.com\/#website","url":"http:\/\/urdialesycamposmelus.com\/","name":"Urdiales &amp; Campos Mel\u00fas Abogados","description":"","potentialAction":[{"@type":"SearchAction","target":{"@type":"EntryPoint","urlTemplate":"http:\/\/urdialesycamposmelus.com\/?s={search_term_string}"},"query-input":"required name=search_term_string"}],"inLanguage":"en-GB"}]}},"_links":{"self":[{"href":"http:\/\/urdialesycamposmelus.com\/en\/wp-json\/wp\/v2\/pages\/25"}],"collection":[{"href":"http:\/\/urdialesycamposmelus.com\/en\/wp-json\/wp\/v2\/pages"}],"about":[{"href":"http:\/\/urdialesycamposmelus.com\/en\/wp-json\/wp\/v2\/types\/page"}],"author":[{"embeddable":true,"href":"http:\/\/urdialesycamposmelus.com\/en\/wp-json\/wp\/v2\/users\/1"}],"replies":[{"embeddable":true,"href":"http:\/\/urdialesycamposmelus.com\/en\/wp-json\/wp\/v2\/comments?post=25"}],"version-history":[{"count":5,"href":"http:\/\/urdialesycamposmelus.com\/en\/wp-json\/wp\/v2\/pages\/25\/revisions"}],"predecessor-version":[{"id":134,"href":"http:\/\/urdialesycamposmelus.com\/en\/wp-json\/wp\/v2\/pages\/25\/revisions\/134"}],"wp:attachment":[{"href":"http:\/\/urdialesycamposmelus.com\/en\/wp-json\/wp\/v2\/media?parent=25"}],"curies":[{"name":"wp","href":"https:\/\/api.w.org\/{rel}","templated":true}]}}

<!-- This site is optimized with the Yoast SEO plugin v20.1 - https://yoast.com/wordpress/plugins/seo/ -->
<title>Contacto Abogados - Urdiales &amp; Campos Melús Abogados</title>
<meta name="description" content="Contacto Abogados, José Luis Campos Melús y Ricardo Urdiales Gálvez. Málaga (Costa del Sol), Madrid. Email y teléfonos de contacto. Oficinas." />
<meta name="robots" content="index, follow, max-snippet:-1, max-image-preview:large, max-video-preview:-1" />
<link rel="canonical" href="http://urdialesycamposmelus.com/en/contacto-abogados/" />
<meta property="og:locale" content="en_GB" />
<meta property="og:type" content="article" />
<meta property="og:title" content="Contacto Abogados - Urdiales &amp; Campos Melús Abogados" />
<meta property="og:description" content="Contacto Abogados, José Luis Campos Melús y Ricardo Urdiales Gálvez. Málaga (Costa del Sol), Madrid. Email y teléfonos de contacto. Oficinas." />
<meta property="og:url" content="http://urdialesycamposmelus.com/en/contacto-abogados/" />
<meta property="og:site_name" content="Urdiales &amp; Campos Melús Abogados" />
<meta property="article:modified_time" content="2019-12-12T08:22:48+00:00" />
<meta name="twitter:card" content="summary_large_image" />
<script type="application/ld+json" class="yoast-schema-graph">{"@context":"https://schema.org","@graph":[{"@type":"WebPage","@id":"http://urdialesycamposmelus.com/contacto-abogados","url":"http://urdialesycamposmelus.com/contacto-abogados","name":"Contacto Abogados - Urdiales &amp; Campos Melús Abogados","isPartOf":{"@id":"http://urdialesycamposmelus.com/#website"},"datePublished":"2019-12-03T17:19:16+00:00","dateModified":"2019-12-12T08:22:48+00:00","description":"Contacto Abogados, José Luis Campos Melús y Ricardo Urdiales Gálvez. Málaga (Costa del Sol), Madrid. Email y teléfonos de contacto. Oficinas.","breadcrumb":{"@id":"http://urdialesycamposmelus.com/contacto-abogados#breadcrumb"},"inLanguage":"en-GB","potentialAction":[{"@type":"ReadAction","target":["http://urdialesycamposmelus.com/contacto-abogados"]}]},{"@type":"BreadcrumbList","@id":"http://urdialesycamposmelus.com/contacto-abogados#breadcrumb","itemListElement":[{"@type":"ListItem","position":1,"name":"Portada","item":"http://urdialesycamposmelus.com/"},{"@type":"ListItem","position":2,"name":"Contacto Abogados"}]},{"@type":"WebSite","@id":"http://urdialesycamposmelus.com/#website","url":"http://urdialesycamposmelus.com/","name":"Urdiales &amp; Campos Melús Abogados","description":"","potentialAction":[{"@type":"SearchAction","target":{"@type":"EntryPoint","urlTemplate":"http://urdialesycamposmelus.com/?s={search_term_string}"},"query-input":"required name=search_term_string"}],"inLanguage":"en-GB"}]}</script>
<!-- / Yoast SEO plugin. -->

Contacto Abogados - Urdiales &amp; Campos Melús Abogados

Contacto Abogados, José Luis Campos Melús y Ricardo Urdiales Gálvez. Málaga (Costa del Sol), Madrid. Email y teléfonos de contacto. Oficinas.

Urdiales &amp; Campos Melús Abogados
