{"id":142,"date":"2019-12-12T08:34:11","date_gmt":"2019-12-12T08:34:11","guid":{"rendered":"http:\/\/urdialesycamposmelus.com\/?page_id=142"},"modified":"2026-04-20T15:07:18","modified_gmt":"2026-04-20T15:07:18","slug":"jose-luis-campos-melus","status":"publish","type":"page","link":"http:\/\/urdialesycamposmelus.com\/en\/jose-luis-campos-melus","title":{"rendered":"Jos\u00e9 Luis Campos Mel\u00fas"},"content":{"rendered":"<div class=\"cols-wrapper cols-2\">\n<div class=\"col\"><img decoding=\"async\" loading=\"lazy\" class=\"aligncenter wp-image-55\" src=\"http:\/\/urdialesycamposmelus.com\/wp-content\/uploads\/2019\/12\/Abogado-Jose-Luis-Campos.jpg\" alt=\"\" width=\"454\" height=\"620\" srcset=\"http:\/\/urdialesycamposmelus.com\/wp-content\/uploads\/2019\/12\/Abogado-Jose-Luis-Campos.jpg 588w, http:\/\/urdialesycamposmelus.com\/wp-content\/uploads\/2019\/12\/Abogado-Jose-Luis-Campos-220x300.jpg 220w\" sizes=\"(max-width: 454px) 100vw, 454px\" \/><\/p>\n<p style=\"text-align: center;\">Personal email:\u00a0\u00a0\u00a0<a href=\"mailto:abogados@camposmelus.com\">abogados@camposmelus.com<\/a><\/p>\n<\/div>\n<div class=\"col nomargin\">\n<p style=\"text-align: center; font-weight: 200; font-size: 35px; letter-spacing: -1.5px;\">Jos\u00e9 Luis Campos Mel\u00fas<\/p>\n<p style=\"text-align: justify; font-weight: 300; font-size: 18px; line-height: 1.8rem;\">He has a Law Degree from the University of Granada and has a postgraduate degree in American Legislation at the University of California, San Diego, United States.<\/p>\n<p style=\"text-align: justify; font-weight: 300; font-size: 18px; line-height: 1.8rem;\">Inici\u00f3 su actividad profesional como abogado generalista, especializ\u00e1ndose posteriormente en asesoramiento en derecho inmobiliario, derecho sucesorio y derecho fiscal internacional, fundamentalmente a particulares y empresas extranjeras.<\/p>\n<p style=\"text-align: justify; font-weight: 300; font-size: 18px; line-height: 1.8rem;\">He is a connoisseur and specialist in European inheritance law, having collaborated with several international firms in this area of expertise.<\/p>\n<p style=\"text-align: justify; font-weight: 300; font-size: 18px; line-height: 1.8rem;\">Fluent in written and spoken English.<\/p>\n<\/div>\n<\/div>","protected":false},"excerpt":{"rendered":"<p>Email personal:\u00a0\u00a0\u00a0abogados@camposmelus.com Jos\u00e9 Luis Campos Mel\u00fas Es Licenciado en Derecho por la Universidad de Granada y realiz\u00f3 curso de postgrado [&hellip;]<\/p>","protected":false},"author":1,"featured_media":0,"parent":0,"menu_order":0,"comment_status":"closed","ping_status":"closed","template":"template-full-custom.php","meta":[],"yoast_head":"<!-- This site is optimized with the Yoast SEO plugin v20.1 - https:\/\/yoast.com\/wordpress\/plugins\/seo\/ -->\n<title>Jos\u00e9 Luis Campos Mel\u00fas - Urdiales &amp; Campos Mel\u00fas Abogados<\/title>\n<meta name=\"description\" content=\"Jos\u00e9 Luis Campos Mel\u00fas. Licenciado en Derecho por la Universidad de Granada, Legislaci\u00f3n Americana en la Universidad de California de San Diego.\" \/>\n<meta name=\"robots\" content=\"index, follow, max-snippet:-1, max-image-preview:large, max-video-preview:-1\" \/>\n<link rel=\"canonical\" href=\"http:\/\/urdialesycamposmelus.com\/en\/jose-luis-campos-melus\/\" \/>\n<meta property=\"og:locale\" content=\"en_GB\" \/>\n<meta property=\"og:type\" content=\"article\" \/>\n<meta property=\"og:title\" content=\"Jos\u00e9 Luis Campos Mel\u00fas - Urdiales &amp; Campos Mel\u00fas Abogados\" \/>\n<meta property=\"og:description\" content=\"Jos\u00e9 Luis Campos Mel\u00fas. Licenciado en Derecho por la Universidad de Granada, Legislaci\u00f3n Americana en la Universidad de California de San Diego.\" \/>\n<meta property=\"og:url\" content=\"http:\/\/urdialesycamposmelus.com\/en\/jose-luis-campos-melus\/\" \/>\n<meta property=\"og:site_name\" content=\"Urdiales &amp; Campos Mel\u00fas Abogados\" \/>\n<meta property=\"article:modified_time\" content=\"2026-04-20T15:07:18+00:00\" \/>\n<meta property=\"og:image\" content=\"http:\/\/urdialesycamposmelus.com\/wp-content\/uploads\/2019\/12\/Abogado-Jose-Luis-Campos.jpg\" \/>\n<meta name=\"twitter:card\" content=\"summary_large_image\" \/>\n<meta name=\"twitter:label1\" content=\"Estimated reading time\" \/>\n\t<meta name=\"twitter:data1\" content=\"1 minute\" \/>\n<script type=\"application\/ld+json\" class=\"yoast-schema-graph\">{\"@context\":\"https:\/\/schema.org\",\"@graph\":[{\"@type\":\"WebPage\",\"@id\":\"http:\/\/urdialesycamposmelus.com\/jose-luis-campos-melus\",\"url\":\"http:\/\/urdialesycamposmelus.com\/jose-luis-campos-melus\",\"name\":\"Jos\u00e9 Luis Campos Mel\u00fas - Urdiales &amp; Campos Mel\u00fas Abogados\",\"isPartOf\":{\"@id\":\"http:\/\/urdialesycamposmelus.com\/#website\"},\"datePublished\":\"2019-12-12T08:34:11+00:00\",\"dateModified\":\"2026-04-20T15:07:18+00:00\",\"description\":\"Jos\u00e9 Luis Campos Mel\u00fas. Licenciado en Derecho por la Universidad de Granada, Legislaci\u00f3n Americana en la Universidad de California de San Diego.\",\"breadcrumb\":{\"@id\":\"http:\/\/urdialesycamposmelus.com\/jose-luis-campos-melus#breadcrumb\"},\"inLanguage\":\"en-GB\",\"potentialAction\":[{\"@type\":\"ReadAction\",\"target\":[\"http:\/\/urdialesycamposmelus.com\/jose-luis-campos-melus\"]}]},{\"@type\":\"BreadcrumbList\",\"@id\":\"http:\/\/urdialesycamposmelus.com\/jose-luis-campos-melus#breadcrumb\",\"itemListElement\":[{\"@type\":\"ListItem\",\"position\":1,\"name\":\"Portada\",\"item\":\"http:\/\/urdialesycamposmelus.com\/\"},{\"@type\":\"ListItem\",\"position\":2,\"name\":\"Jos\u00e9 Luis Campos Mel\u00fas\"}]},{\"@type\":\"WebSite\",\"@id\":\"http:\/\/urdialesycamposmelus.com\/#website\",\"url\":\"http:\/\/urdialesycamposmelus.com\/\",\"name\":\"Urdiales &amp; Campos Mel\u00fas Abogados\",\"description\":\"\",\"potentialAction\":[{\"@type\":\"SearchAction\",\"target\":{\"@type\":\"EntryPoint\",\"urlTemplate\":\"http:\/\/urdialesycamposmelus.com\/?s={search_term_string}\"},\"query-input\":\"required name=search_term_string\"}],\"inLanguage\":\"en-GB\"}]}<\/script>\n<!-- \/ Yoast SEO plugin. -->","yoast_head_json":{"title":"Jos\u00e9 Luis Campos Mel\u00fas - Urdiales &amp; Campos Mel\u00fas Abogados","description":"Jos\u00e9 Luis Campos Mel\u00fas. Licenciado en Derecho por la Universidad de Granada, Legislaci\u00f3n Americana en la Universidad de California de San Diego.","robots":{"index":"index","follow":"follow","max-snippet":"max-snippet:-1","max-image-preview":"max-image-preview:large","max-video-preview":"max-video-preview:-1"},"canonical":"http:\/\/urdialesycamposmelus.com\/en\/jose-luis-campos-melus\/","og_locale":"en_GB","og_type":"article","og_title":"Jos\u00e9 Luis Campos Mel\u00fas - Urdiales &amp; Campos Mel\u00fas Abogados","og_description":"Jos\u00e9 Luis Campos Mel\u00fas. Licenciado en Derecho por la Universidad de Granada, Legislaci\u00f3n Americana en la Universidad de California de San Diego.","og_url":"http:\/\/urdialesycamposmelus.com\/en\/jose-luis-campos-melus\/","og_site_name":"Urdiales &amp; Campos Mel\u00fas Abogados","article_modified_time":"2026-04-20T15:07:18+00:00","og_image":[{"url":"http:\/\/urdialesycamposmelus.com\/wp-content\/uploads\/2019\/12\/Abogado-Jose-Luis-Campos.jpg"}],"twitter_card":"summary_large_image","twitter_misc":{"Estimated reading time":"1 minute"},"schema":{"@context":"https:\/\/schema.org","@graph":[{"@type":"WebPage","@id":"http:\/\/urdialesycamposmelus.com\/jose-luis-campos-melus","url":"http:\/\/urdialesycamposmelus.com\/jose-luis-campos-melus","name":"Jos\u00e9 Luis Campos Mel\u00fas - Urdiales &amp; Campos Mel\u00fas Abogados","isPartOf":{"@id":"http:\/\/urdialesycamposmelus.com\/#website"},"datePublished":"2019-12-12T08:34:11+00:00","dateModified":"2026-04-20T15:07:18+00:00","description":"Jos\u00e9 Luis Campos Mel\u00fas. Licenciado en Derecho por la Universidad de Granada, Legislaci\u00f3n Americana en la Universidad de California de San Diego.","breadcrumb":{"@id":"http:\/\/urdialesycamposmelus.com\/jose-luis-campos-melus#breadcrumb"},"inLanguage":"en-GB","potentialAction":[{"@type":"ReadAction","target":["http:\/\/urdialesycamposmelus.com\/jose-luis-campos-melus"]}]},{"@type":"BreadcrumbList","@id":"http:\/\/urdialesycamposmelus.com\/jose-luis-campos-melus#breadcrumb","itemListElement":[{"@type":"ListItem","position":1,"name":"Portada","item":"http:\/\/urdialesycamposmelus.com\/"},{"@type":"ListItem","position":2,"name":"Jos\u00e9 Luis Campos Mel\u00fas"}]},{"@type":"WebSite","@id":"http:\/\/urdialesycamposmelus.com\/#website","url":"http:\/\/urdialesycamposmelus.com\/","name":"Urdiales &amp; Campos Mel\u00fas Abogados","description":"","potentialAction":[{"@type":"SearchAction","target":{"@type":"EntryPoint","urlTemplate":"http:\/\/urdialesycamposmelus.com\/?s={search_term_string}"},"query-input":"required name=search_term_string"}],"inLanguage":"en-GB"}]}},"_links":{"self":[{"href":"http:\/\/urdialesycamposmelus.com\/en\/wp-json\/wp\/v2\/pages\/142"}],"collection":[{"href":"http:\/\/urdialesycamposmelus.com\/en\/wp-json\/wp\/v2\/pages"}],"about":[{"href":"http:\/\/urdialesycamposmelus.com\/en\/wp-json\/wp\/v2\/types\/page"}],"author":[{"embeddable":true,"href":"http:\/\/urdialesycamposmelus.com\/en\/wp-json\/wp\/v2\/users\/1"}],"replies":[{"embeddable":true,"href":"http:\/\/urdialesycamposmelus.com\/en\/wp-json\/wp\/v2\/comments?post=142"}],"version-history":[{"count":6,"href":"http:\/\/urdialesycamposmelus.com\/en\/wp-json\/wp\/v2\/pages\/142\/revisions"}],"predecessor-version":[{"id":185,"href":"http:\/\/urdialesycamposmelus.com\/en\/wp-json\/wp\/v2\/pages\/142\/revisions\/185"}],"wp:attachment":[{"href":"http:\/\/urdialesycamposmelus.com\/en\/wp-json\/wp\/v2\/media?parent=142"}],"curies":[{"name":"wp","href":"https:\/\/api.w.org\/{rel}","templated":true}]}}

José Luis Campos Melús

<div class="cols-wrapper cols-2">
<div class="col"><img decoding="async" loading="lazy" class="aligncenter wp-image-55" src="http://urdialesycamposmelus.com/wp-content/uploads/2019/12/Abogado-Jose-Luis-Campos.jpg" alt="" width="454" height="620" srcset="http://urdialesycamposmelus.com/wp-content/uploads/2019/12/Abogado-Jose-Luis-Campos.jpg 588w, http://urdialesycamposmelus.com/wp-content/uploads/2019/12/Abogado-Jose-Luis-Campos-220x300.jpg 220w" sizes="(max-width: 454px) 100vw, 454px" /></p>
<p style="text-align: center;">Personal email:   <a href="mailto:abogados@camposmelus.com">abogados@camposmelus.com</a></p>
</div>
<div class="col nomargin">
<p style="text-align: center; font-weight: 200; font-size: 35px; letter-spacing: -1.5px;">José Luis Campos Melús</p>
<p style="text-align: justify; font-weight: 300; font-size: 18px; line-height: 1.8rem;">He has a Law Degree from the University of Granada and has a postgraduate degree in American Legislation at the University of California, San Diego, United States.</p>
<p style="text-align: justify; font-weight: 300; font-size: 18px; line-height: 1.8rem;">Inició su actividad profesional como abogado generalista, especializándose posteriormente en asesoramiento en derecho inmobiliario, derecho sucesorio y derecho fiscal internacional, fundamentalmente a particulares y empresas extranjeras.</p>
<p style="text-align: justify; font-weight: 300; font-size: 18px; line-height: 1.8rem;">He is a connoisseur and specialist in European inheritance law, having collaborated with several international firms in this area of expertise.</p>
<p style="text-align: justify; font-weight: 300; font-size: 18px; line-height: 1.8rem;">Fluent in written and spoken English.</p>
</div>
</div>

<p>Email personal:   abogados@camposmelus.com José Luis Campos Melús Es Licenciado en Derecho por la Universidad de Granada y realizó curso de postgrado [&hellip;]</p>

<!-- This site is optimized with the Yoast SEO plugin v20.1 - https://yoast.com/wordpress/plugins/seo/ -->
<title>José Luis Campos Melús - Urdiales &amp; Campos Melús Abogados</title>
<meta name="description" content="José Luis Campos Melús. Licenciado en Derecho por la Universidad de Granada, Legislación Americana en la Universidad de California de San Diego." />
<meta name="robots" content="index, follow, max-snippet:-1, max-image-preview:large, max-video-preview:-1" />
<link rel="canonical" href="http://urdialesycamposmelus.com/en/jose-luis-campos-melus/" />
<meta property="og:locale" content="en_GB" />
<meta property="og:type" content="article" />
<meta property="og:title" content="José Luis Campos Melús - Urdiales &amp; Campos Melús Abogados" />
<meta property="og:description" content="José Luis Campos Melús. Licenciado en Derecho por la Universidad de Granada, Legislación Americana en la Universidad de California de San Diego." />
<meta property="og:url" content="http://urdialesycamposmelus.com/en/jose-luis-campos-melus/" />
<meta property="og:site_name" content="Urdiales &amp; Campos Melús Abogados" />
<meta property="article:modified_time" content="2026-04-20T15:07:18+00:00" />
<meta property="og:image" content="http://urdialesycamposmelus.com/wp-content/uploads/2019/12/Abogado-Jose-Luis-Campos.jpg" />
<meta name="twitter:card" content="summary_large_image" />
<meta name="twitter:label1" content="Estimated reading time" />
	<meta name="twitter:data1" content="1 minute" />
<script type="application/ld+json" class="yoast-schema-graph">{"@context":"https://schema.org","@graph":[{"@type":"WebPage","@id":"http://urdialesycamposmelus.com/jose-luis-campos-melus","url":"http://urdialesycamposmelus.com/jose-luis-campos-melus","name":"José Luis Campos Melús - Urdiales &amp; Campos Melús Abogados","isPartOf":{"@id":"http://urdialesycamposmelus.com/#website"},"datePublished":"2019-12-12T08:34:11+00:00","dateModified":"2026-04-20T15:07:18+00:00","description":"José Luis Campos Melús. Licenciado en Derecho por la Universidad de Granada, Legislación Americana en la Universidad de California de San Diego.","breadcrumb":{"@id":"http://urdialesycamposmelus.com/jose-luis-campos-melus#breadcrumb"},"inLanguage":"en-GB","potentialAction":[{"@type":"ReadAction","target":["http://urdialesycamposmelus.com/jose-luis-campos-melus"]}]},{"@type":"BreadcrumbList","@id":"http://urdialesycamposmelus.com/jose-luis-campos-melus#breadcrumb","itemListElement":[{"@type":"ListItem","position":1,"name":"Portada","item":"http://urdialesycamposmelus.com/"},{"@type":"ListItem","position":2,"name":"José Luis Campos Melús"}]},{"@type":"WebSite","@id":"http://urdialesycamposmelus.com/#website","url":"http://urdialesycamposmelus.com/","name":"Urdiales &amp; Campos Melús Abogados","description":"","potentialAction":[{"@type":"SearchAction","target":{"@type":"EntryPoint","urlTemplate":"http://urdialesycamposmelus.com/?s={search_term_string}"},"query-input":"required name=search_term_string"}],"inLanguage":"en-GB"}]}</script>
<!-- / Yoast SEO plugin. -->

José Luis Campos Melús - Urdiales &amp; Campos Melús Abogados

José Luis Campos Melús. Licenciado en Derecho por la Universidad de Granada, Legislación Americana en la Universidad de California de San Diego.

Urdiales &amp; Campos Melús Abogados
