{"id":137,"date":"2019-12-12T08:31:55","date_gmt":"2019-12-12T08:31:55","guid":{"rendered":"http:\/\/urdialesycamposmelus.com\/?page_id=137"},"modified":"2019-12-13T16:11:24","modified_gmt":"2019-12-13T16:11:24","slug":"ricardo-urdiales-galvez","status":"publish","type":"page","link":"http:\/\/urdialesycamposmelus.com\/en\/ricardo-urdiales-galvez","title":{"rendered":"Ricardo Urdiales G\u00e1lvez"},"content":{"rendered":"<div class=\"cols-wrapper cols-2\">\n<div class=\"col\">\n<img decoding=\"async\" loading=\"lazy\" class=\"aligncenter  wp-image-54\" src=\"http:\/\/urdialesycamposmelus.com\/wp-content\/uploads\/2019\/12\/Abogado-Ricardo-Urdiales.jpg\" alt=\"\" width=\"454\" height=\"620\" srcset=\"http:\/\/urdialesycamposmelus.com\/wp-content\/uploads\/2019\/12\/Abogado-Ricardo-Urdiales.jpg 588w, http:\/\/urdialesycamposmelus.com\/wp-content\/uploads\/2019\/12\/Abogado-Ricardo-Urdiales-220x300.jpg 220w\" sizes=\"(max-width: 454px) 100vw, 454px\" \/><\/p>\n<p style=\"text-align: center;\">Personal email:\u00a0<a href=\"mailto:abogados@ricardourdiales.com\">abogados@ricardourdiales.com<\/a><\/p>\n<\/div>\n<div class=\"col nomargin\">\n<p style=\"text-align: center; font-weight: 200; font-size: 35px; letter-spacing: -1.5px;\">Ricardo Urdiales G\u00e1lvez<\/p>\n<p style=\"text-align: justify; font-weight: 300; font-size: 18px; line-height: 1.8rem;\">He studied Law at the University of Granada, beginning his professional career in 1983.<\/p>\n<p style=\"text-align: justify; font-weight: 300; font-size: 18px; line-height: 1.8rem;\">\nMost of Ricardo\u00b4s professional career has been closely linked to the international community, collaborating with a diversity of European Law firms.<\/p>\n<p style=\"text-align: justify; font-weight: 300; font-size: 18px; line-height: 1.8rem;\">\nRicardo Urdiales G\u00e1lvez is a great negotiator and has extensive experience in civil and economic-criminal litigation, inheritance law and real estate law.<\/p>\n<p style=\"text-align: justify; font-weight: 300; font-size: 18px; line-height: 1.8rem;\">\nHe lived in England (London) for two years and has a high level of English language skills.<\/p>\n<p style=\"text-align: justify; font-weight: 300; font-size: 18px; line-height: 1.8rem;\">\nHe is a collaborator and advisor for several Trusts, associations and NGOs.<\/p>\n<p style=\"text-align: justify; font-weight: 300; font-size: 18px; line-height: 1.8rem;\">He is currently President of the CUDECA Foundation, one of the main palliative care Foundations in Spain, with whom he continues to collaborate and advise since its inception in 1992.<\/p>\n<\/div>\n<\/div>","protected":false},"excerpt":{"rendered":"<p>Email personal:\u00a0abogados@ricardourdiales.com Ricardo Urdiales G\u00e1lvez Curs\u00f3 sus estudios de derecho en la Universidad de Granada, comenzando su actividad profesional en [&hellip;]<\/p>","protected":false},"author":1,"featured_media":0,"parent":0,"menu_order":0,"comment_status":"closed","ping_status":"closed","template":"template-full-custom.php","meta":[],"yoast_head":"<!-- This site is optimized with the Yoast SEO plugin v20.1 - https:\/\/yoast.com\/wordpress\/plugins\/seo\/ -->\n<title>Ricardo Urdiales G\u00e1lvez - Urdiales &amp; Campos Mel\u00fas Abogados<\/title>\n<meta name=\"description\" content=\"Ricardo Urdiales G\u00e1lvez. Curs\u00f3 sus estudios de derecho en la Universidad de Granada, comenzando su actividad profesional en 1983.\" \/>\n<meta name=\"robots\" content=\"index, follow, max-snippet:-1, max-image-preview:large, max-video-preview:-1\" \/>\n<link rel=\"canonical\" href=\"http:\/\/urdialesycamposmelus.com\/en\/ricardo-urdiales-galvez\/\" \/>\n<meta property=\"og:locale\" content=\"en_GB\" \/>\n<meta property=\"og:type\" content=\"article\" \/>\n<meta property=\"og:title\" content=\"Ricardo Urdiales G\u00e1lvez - Urdiales &amp; Campos Mel\u00fas Abogados\" \/>\n<meta property=\"og:description\" content=\"Ricardo Urdiales G\u00e1lvez. Curs\u00f3 sus estudios de derecho en la Universidad de Granada, comenzando su actividad profesional en 1983.\" \/>\n<meta property=\"og:url\" content=\"http:\/\/urdialesycamposmelus.com\/en\/ricardo-urdiales-galvez\/\" \/>\n<meta property=\"og:site_name\" content=\"Urdiales &amp; Campos Mel\u00fas Abogados\" \/>\n<meta property=\"article:modified_time\" content=\"2019-12-13T16:11:24+00:00\" \/>\n<meta property=\"og:image\" content=\"http:\/\/urdialesycamposmelus.com\/wp-content\/uploads\/2019\/12\/Abogado-Ricardo-Urdiales.jpg\" \/>\n<meta name=\"twitter:card\" content=\"summary_large_image\" \/>\n<meta name=\"twitter:label1\" content=\"Estimated reading time\" \/>\n\t<meta name=\"twitter:data1\" content=\"1 minute\" \/>\n<script type=\"application\/ld+json\" class=\"yoast-schema-graph\">{\"@context\":\"https:\/\/schema.org\",\"@graph\":[{\"@type\":\"WebPage\",\"@id\":\"http:\/\/urdialesycamposmelus.com\/ricardo-urdiales-galvez\",\"url\":\"http:\/\/urdialesycamposmelus.com\/ricardo-urdiales-galvez\",\"name\":\"Ricardo Urdiales G\u00e1lvez - Urdiales &amp; Campos Mel\u00fas Abogados\",\"isPartOf\":{\"@id\":\"http:\/\/urdialesycamposmelus.com\/#website\"},\"datePublished\":\"2019-12-12T08:31:55+00:00\",\"dateModified\":\"2019-12-13T16:11:24+00:00\",\"description\":\"Ricardo Urdiales G\u00e1lvez. Curs\u00f3 sus estudios de derecho en la Universidad de Granada, comenzando su actividad profesional en 1983.\",\"breadcrumb\":{\"@id\":\"http:\/\/urdialesycamposmelus.com\/ricardo-urdiales-galvez#breadcrumb\"},\"inLanguage\":\"en-GB\",\"potentialAction\":[{\"@type\":\"ReadAction\",\"target\":[\"http:\/\/urdialesycamposmelus.com\/ricardo-urdiales-galvez\"]}]},{\"@type\":\"BreadcrumbList\",\"@id\":\"http:\/\/urdialesycamposmelus.com\/ricardo-urdiales-galvez#breadcrumb\",\"itemListElement\":[{\"@type\":\"ListItem\",\"position\":1,\"name\":\"Portada\",\"item\":\"http:\/\/urdialesycamposmelus.com\/\"},{\"@type\":\"ListItem\",\"position\":2,\"name\":\"Ricardo Urdiales G\u00e1lvez\"}]},{\"@type\":\"WebSite\",\"@id\":\"http:\/\/urdialesycamposmelus.com\/#website\",\"url\":\"http:\/\/urdialesycamposmelus.com\/\",\"name\":\"Urdiales &amp; Campos Mel\u00fas Abogados\",\"description\":\"\",\"potentialAction\":[{\"@type\":\"SearchAction\",\"target\":{\"@type\":\"EntryPoint\",\"urlTemplate\":\"http:\/\/urdialesycamposmelus.com\/?s={search_term_string}\"},\"query-input\":\"required name=search_term_string\"}],\"inLanguage\":\"en-GB\"}]}<\/script>\n<!-- \/ Yoast SEO plugin. -->","yoast_head_json":{"title":"Ricardo Urdiales G\u00e1lvez - Urdiales &amp; Campos Mel\u00fas Abogados","description":"Ricardo Urdiales G\u00e1lvez. Curs\u00f3 sus estudios de derecho en la Universidad de Granada, comenzando su actividad profesional en 1983.","robots":{"index":"index","follow":"follow","max-snippet":"max-snippet:-1","max-image-preview":"max-image-preview:large","max-video-preview":"max-video-preview:-1"},"canonical":"http:\/\/urdialesycamposmelus.com\/en\/ricardo-urdiales-galvez\/","og_locale":"en_GB","og_type":"article","og_title":"Ricardo Urdiales G\u00e1lvez - Urdiales &amp; Campos Mel\u00fas Abogados","og_description":"Ricardo Urdiales G\u00e1lvez. Curs\u00f3 sus estudios de derecho en la Universidad de Granada, comenzando su actividad profesional en 1983.","og_url":"http:\/\/urdialesycamposmelus.com\/en\/ricardo-urdiales-galvez\/","og_site_name":"Urdiales &amp; Campos Mel\u00fas Abogados","article_modified_time":"2019-12-13T16:11:24+00:00","og_image":[{"url":"http:\/\/urdialesycamposmelus.com\/wp-content\/uploads\/2019\/12\/Abogado-Ricardo-Urdiales.jpg"}],"twitter_card":"summary_large_image","twitter_misc":{"Estimated reading time":"1 minute"},"schema":{"@context":"https:\/\/schema.org","@graph":[{"@type":"WebPage","@id":"http:\/\/urdialesycamposmelus.com\/ricardo-urdiales-galvez","url":"http:\/\/urdialesycamposmelus.com\/ricardo-urdiales-galvez","name":"Ricardo Urdiales G\u00e1lvez - Urdiales &amp; Campos Mel\u00fas Abogados","isPartOf":{"@id":"http:\/\/urdialesycamposmelus.com\/#website"},"datePublished":"2019-12-12T08:31:55+00:00","dateModified":"2019-12-13T16:11:24+00:00","description":"Ricardo Urdiales G\u00e1lvez. Curs\u00f3 sus estudios de derecho en la Universidad de Granada, comenzando su actividad profesional en 1983.","breadcrumb":{"@id":"http:\/\/urdialesycamposmelus.com\/ricardo-urdiales-galvez#breadcrumb"},"inLanguage":"en-GB","potentialAction":[{"@type":"ReadAction","target":["http:\/\/urdialesycamposmelus.com\/ricardo-urdiales-galvez"]}]},{"@type":"BreadcrumbList","@id":"http:\/\/urdialesycamposmelus.com\/ricardo-urdiales-galvez#breadcrumb","itemListElement":[{"@type":"ListItem","position":1,"name":"Portada","item":"http:\/\/urdialesycamposmelus.com\/"},{"@type":"ListItem","position":2,"name":"Ricardo Urdiales G\u00e1lvez"}]},{"@type":"WebSite","@id":"http:\/\/urdialesycamposmelus.com\/#website","url":"http:\/\/urdialesycamposmelus.com\/","name":"Urdiales &amp; Campos Mel\u00fas Abogados","description":"","potentialAction":[{"@type":"SearchAction","target":{"@type":"EntryPoint","urlTemplate":"http:\/\/urdialesycamposmelus.com\/?s={search_term_string}"},"query-input":"required name=search_term_string"}],"inLanguage":"en-GB"}]}},"_links":{"self":[{"href":"http:\/\/urdialesycamposmelus.com\/en\/wp-json\/wp\/v2\/pages\/137"}],"collection":[{"href":"http:\/\/urdialesycamposmelus.com\/en\/wp-json\/wp\/v2\/pages"}],"about":[{"href":"http:\/\/urdialesycamposmelus.com\/en\/wp-json\/wp\/v2\/types\/page"}],"author":[{"embeddable":true,"href":"http:\/\/urdialesycamposmelus.com\/en\/wp-json\/wp\/v2\/users\/1"}],"replies":[{"embeddable":true,"href":"http:\/\/urdialesycamposmelus.com\/en\/wp-json\/wp\/v2\/comments?post=137"}],"version-history":[{"count":8,"href":"http:\/\/urdialesycamposmelus.com\/en\/wp-json\/wp\/v2\/pages\/137\/revisions"}],"predecessor-version":[{"id":162,"href":"http:\/\/urdialesycamposmelus.com\/en\/wp-json\/wp\/v2\/pages\/137\/revisions\/162"}],"wp:attachment":[{"href":"http:\/\/urdialesycamposmelus.com\/en\/wp-json\/wp\/v2\/media?parent=137"}],"curies":[{"name":"wp","href":"https:\/\/api.w.org\/{rel}","templated":true}]}}

Ricardo Urdiales Gálvez

<div class="cols-wrapper cols-2">
<div class="col">
<img decoding="async" loading="lazy" class="aligncenter  wp-image-54" src="http://urdialesycamposmelus.com/wp-content/uploads/2019/12/Abogado-Ricardo-Urdiales.jpg" alt="" width="454" height="620" srcset="http://urdialesycamposmelus.com/wp-content/uploads/2019/12/Abogado-Ricardo-Urdiales.jpg 588w, http://urdialesycamposmelus.com/wp-content/uploads/2019/12/Abogado-Ricardo-Urdiales-220x300.jpg 220w" sizes="(max-width: 454px) 100vw, 454px" /></p>
<p style="text-align: center;">Personal email: <a href="mailto:abogados@ricardourdiales.com">abogados@ricardourdiales.com</a></p>
</div>
<div class="col nomargin">
<p style="text-align: center; font-weight: 200; font-size: 35px; letter-spacing: -1.5px;">Ricardo Urdiales Gálvez</p>
<p style="text-align: justify; font-weight: 300; font-size: 18px; line-height: 1.8rem;">He studied Law at the University of Granada, beginning his professional career in 1983.</p>
<p style="text-align: justify; font-weight: 300; font-size: 18px; line-height: 1.8rem;">
Most of Ricardo´s professional career has been closely linked to the international community, collaborating with a diversity of European Law firms.</p>
<p style="text-align: justify; font-weight: 300; font-size: 18px; line-height: 1.8rem;">
Ricardo Urdiales Gálvez is a great negotiator and has extensive experience in civil and economic-criminal litigation, inheritance law and real estate law.</p>
<p style="text-align: justify; font-weight: 300; font-size: 18px; line-height: 1.8rem;">
He lived in England (London) for two years and has a high level of English language skills.</p>
<p style="text-align: justify; font-weight: 300; font-size: 18px; line-height: 1.8rem;">
He is a collaborator and advisor for several Trusts, associations and NGOs.</p>
<p style="text-align: justify; font-weight: 300; font-size: 18px; line-height: 1.8rem;">He is currently President of the CUDECA Foundation, one of the main palliative care Foundations in Spain, with whom he continues to collaborate and advise since its inception in 1992.</p>
</div>
</div>

<p>Email personal: abogados@ricardourdiales.com Ricardo Urdiales Gálvez Cursó sus estudios de derecho en la Universidad de Granada, comenzando su actividad profesional en [&hellip;]</p>

<!-- This site is optimized with the Yoast SEO plugin v20.1 - https://yoast.com/wordpress/plugins/seo/ -->
<title>Ricardo Urdiales Gálvez - Urdiales &amp; Campos Melús Abogados</title>
<meta name="description" content="Ricardo Urdiales Gálvez. Cursó sus estudios de derecho en la Universidad de Granada, comenzando su actividad profesional en 1983." />
<meta name="robots" content="index, follow, max-snippet:-1, max-image-preview:large, max-video-preview:-1" />
<link rel="canonical" href="http://urdialesycamposmelus.com/en/ricardo-urdiales-galvez/" />
<meta property="og:locale" content="en_GB" />
<meta property="og:type" content="article" />
<meta property="og:title" content="Ricardo Urdiales Gálvez - Urdiales &amp; Campos Melús Abogados" />
<meta property="og:description" content="Ricardo Urdiales Gálvez. Cursó sus estudios de derecho en la Universidad de Granada, comenzando su actividad profesional en 1983." />
<meta property="og:url" content="http://urdialesycamposmelus.com/en/ricardo-urdiales-galvez/" />
<meta property="og:site_name" content="Urdiales &amp; Campos Melús Abogados" />
<meta property="article:modified_time" content="2019-12-13T16:11:24+00:00" />
<meta property="og:image" content="http://urdialesycamposmelus.com/wp-content/uploads/2019/12/Abogado-Ricardo-Urdiales.jpg" />
<meta name="twitter:card" content="summary_large_image" />
<meta name="twitter:label1" content="Estimated reading time" />
	<meta name="twitter:data1" content="1 minute" />
<script type="application/ld+json" class="yoast-schema-graph">{"@context":"https://schema.org","@graph":[{"@type":"WebPage","@id":"http://urdialesycamposmelus.com/ricardo-urdiales-galvez","url":"http://urdialesycamposmelus.com/ricardo-urdiales-galvez","name":"Ricardo Urdiales Gálvez - Urdiales &amp; Campos Melús Abogados","isPartOf":{"@id":"http://urdialesycamposmelus.com/#website"},"datePublished":"2019-12-12T08:31:55+00:00","dateModified":"2019-12-13T16:11:24+00:00","description":"Ricardo Urdiales Gálvez. Cursó sus estudios de derecho en la Universidad de Granada, comenzando su actividad profesional en 1983.","breadcrumb":{"@id":"http://urdialesycamposmelus.com/ricardo-urdiales-galvez#breadcrumb"},"inLanguage":"en-GB","potentialAction":[{"@type":"ReadAction","target":["http://urdialesycamposmelus.com/ricardo-urdiales-galvez"]}]},{"@type":"BreadcrumbList","@id":"http://urdialesycamposmelus.com/ricardo-urdiales-galvez#breadcrumb","itemListElement":[{"@type":"ListItem","position":1,"name":"Portada","item":"http://urdialesycamposmelus.com/"},{"@type":"ListItem","position":2,"name":"Ricardo Urdiales Gálvez"}]},{"@type":"WebSite","@id":"http://urdialesycamposmelus.com/#website","url":"http://urdialesycamposmelus.com/","name":"Urdiales &amp; Campos Melús Abogados","description":"","potentialAction":[{"@type":"SearchAction","target":{"@type":"EntryPoint","urlTemplate":"http://urdialesycamposmelus.com/?s={search_term_string}"},"query-input":"required name=search_term_string"}],"inLanguage":"en-GB"}]}</script>
<!-- / Yoast SEO plugin. -->

Ricardo Urdiales Gálvez - Urdiales &amp; Campos Melús Abogados

Ricardo Urdiales Gálvez. Cursó sus estudios de derecho en la Universidad de Granada, comenzando su actividad profesional en 1983.

Urdiales &amp; Campos Melús Abogados
